 common factor of n and 19.
19
Let f = -6 - -14. Let d(a) = a**3 + a**2 - 8*a + 7. Let x = 246 + -245. Let s be d(x). What is the greatest common divisor of s and f?
1
Let t(m) = -5*m - 55. Let i be t(-12). Let l be 0*(3/(-1))/3. Suppose b = -4*g + 17 + 4, 3*b + 3*g - 27 = l. Calculate the highest common divisor of b and i.
5
Suppose 3*i + 2*y - 16604 = 0, 0*y = 2*i + 2*y - 11072. Calculate the highest common divisor of i and 4.
4
Let x = 8589 + -8476. What is the highest common divisor of 2 and x?
1
Let q = 6194 - 5882. What is the greatest common divisor of 572 and q?
52
Suppose -7*l + 11*h + 2497 = -5*l, 3*l - 3693 = -h. Calculate the highest common factor of 80 and l.
16
Let s(p) = -2*p**3 + 36*p**2 + 35*p - 38. Let u be s(18). Suppose j = 4, -3*m = -7*m - j + u. Calculate the greatest common factor of 3 and m.
3
Let s(k) = 17*k**2 - 45*k - 195. Let h be s(-5). Suppose -9*l + h = -40. What is the greatest common factor of l and 44?
11
Suppose j - 31 = 2*j. Let m(f) = 2*f**3 - 11*f**2 - 41*f + 8. Let y be m(-3). Let z = y - j. What is the highest common factor of 3 and z?
3
Let b(j) = -j**3 + 44*j**2 + 161*j + 78. Let w be b(42). Calculate the greatest common divisor of 16 and w.
16
Let y be (-30)/8 - 1/4. Let m = -61 + 60. Let c be (69 - 10) + y/m. What is the greatest common factor of c and 7?
7
Suppose -126 = -3*t - o, 2*t + 3*o - 66 = 18. Suppose -3*z - 39*k + 216 = -37*k, -2*k + 146 = 2*z. What is the highest common divisor of t and z?
14
Let b be 1/11 + 7/((-1155)/(-16155)). Calculate the greatest common factor of 1225 and b.
49
Let h be (747 - 3) + (-9 - -9) + 2. Let c = 773 - h. Suppose -x = 4 - 13. Calculate the greatest common divisor of x and c.
9
Let m(z) = -22*z**2 + 120*z - 17. Let v be m(2). Calculate the greatest common divisor of 1590 and v.
15
Let i be 41 - (12/(-8))/(18/(-108)). What is the highest common divisor of i and 1712?
16
Let w(m) = 7*m + 290. Let h be w(-37). Suppose 2*k - h + 13 = 0. What is the greatest common factor of k and 1?
1
Let b(i) = i**2 + 10*i - 35. Let v = 43 + -56. Let f be b(v). Let a be (f/4)/(3/135). What is the highest common divisor of a and 9?
9
Let j be (-387)/(2/(2 + -4)). Let w = 400 - j. Calculate the greatest common factor of w and 39.
13
Let c be ((-50)/(-15) + -6)*-6. Let j = 54 + c. Calculate the highest common factor of 10 and j.
10
Let d(p) = -104*p - 21. Let h be d(9). Let x be -3*h/9 - -1. What is the greatest common divisor of x and 40?
40
Let h be -39*(4 + (-39)/9). Suppose 260 = -h*d + 39*d. Let k(l) = l**2 - l - 2. Let c be k(-3). What is the greatest common factor of d and c?
10
Let t(f) = -104*f**3 - 5*f**2 - 4*f - 11. Let m be t(-2). Calculate the greatest common divisor of m and 1.
1
Let u(f) = -f**3 + 2*f**2 + 13*f + 15. Let t be u(-2). What is the greatest common factor of 37 and t?
1
Suppose -51*y = -64*y + 546. Calculate the greatest common factor of 651 and y.
21
Suppose -3*r = -2*y + 160 + 188, 3*r - 732 = -4*y. Let c be ((-45)/6)/((-16)/(-32)) + 33. Calculate the highest common divisor of c and y.
18
Let l = -31 + 76. Suppose -6 = 2*i, 11*i + l = h + 7*i. Calculate the greatest common factor of 44 and h.
11
Let n = 2904 + -2884. Calculate the greatest common divisor of 620 and n.
20
Let l(n) = 4*n + 176. Let a be l(-40). Let y be 6/12*-2*a*-2. What is the greatest common factor of 24 and y?
8
Suppose -4*w = -2853 - 603. Suppose -3*b - o + 777 = 0, -5*b = 4*o - 424 - w. What is the highest common divisor of 40 and b?
20
Let t(r) = -23*r**3 + 3*r**2 - 15*r - 18. Let d be t(-4). Calculate the greatest common factor of 22 and d.
22
Let v(m) = -3*m**3 + 18*m**2 + 20*m - 48. Let b be v(6). What is the greatest common divisor of b and 1920?
24
Let f(m) = m**2 + 9*m + 18. Let d be f(-6). Suppose b - 5*l = -3 - 3, 4*l - 12 = d. Let u be 4 + -2 + 0 + 97. Calculate the highest common divisor of b and u.
9
Let d(f) = -2*f**3 + 14*f**2 + 7*f - 13. Let i be d(7). Let l be 108/(-594) - 1982/(-11). What is the highest common factor of i and l?
36
Suppose -3*w - 12 + 6 = -5*v, 6 = 2*v. Suppose w*a = 4*r - 130, -5*r + 144 = -r + 4*a. Calculate the greatest common factor of 102 and r.
34
Let w(s) = 5*s**2 - 12*s + 108. Let v be w(0). Calculate the highest common factor of 1062 and v.
18
Suppose -f - 2 = o - 17, 2*o + 40 = 5*f. Let n(j) = -5*j**3 + 5*j**2 + 7*j + 1. Let c be n(-3). What is the highest common factor of c and f?
10
Let c be ((0 + 1)*-1)/((-34)/374). Suppose 2*v + 6*l - c*l - 617 = 0, 2*v = 3*l + 607. What is the highest common divisor of 37 and v?
37
Suppose -1123*s + 1065*s = -29116. What is the greatest common divisor of 2259 and s?
251
Suppose 181 = -3*s + 24 + 1066. What is the greatest common factor of s and 4747?
101
Let p(z) = 239*z - 32. Suppose 3 = -3*n - 5*f + 1, -f = -3*n + 4. Let u be p(n). Calculate the greatest common factor of 9 and u.
9
Let j be -22 + (5 - 0 - -48). What is the greatest common divisor of j and 33?
1
Suppose -2*n + 1 = -23. Let p = 12 - n. Suppose 0 = -4*s + 4, 3 + p = r - s. Calculate the greatest common divisor of r and 4.
4
Let g = 104 + -72. Suppose -3*b + 22 = -6*b - q, 5*q = -5. Let h be 4 + 0/b + (-4)/(-1). What is the highest common factor of g and h?
8
Let c = 3307 + -3300. Let q be (2/(-8))/((-6)/24). Calculate the greatest common divisor of c and q.
1
Let k = 11 - -37. Let u(x) = -6*x - 6. Let h = -48 + 46. Let c be u(h). What is the greatest common divisor of k and c?
6
Let d(t) = 8*t**2 - 78. Let v be d(4). What is the greatest common factor of 450 and v?
50
Suppose 8 = 3*h - 5*j - 4, h = -j + 12. Let l(d) = -d**2 + 7*d - 1. Let t be l(5). What is the highest common divisor of t and h?
9
Suppose -216 = 25*a - 28*a. Let m = -1 - -9. Suppose 6*v + m = 7*v. Calculate the highest common factor of a and v.
8
Let a = -19 + 24. Let d = a - -21. Let m = -10 + d. What is the highest common factor of m and 144?
16
Let i be ((-7)/(-2))/(3/36). Suppose -20*t + 13*t + 455 = 0. Let r be (-76)/(-13) - (-10)/t. Calculate the greatest common factor of i and r.
6
Suppose -34 = -10*l + 46. Let n be ((-124)/93)/(l/(-366)). What is the greatest common factor of n and 244?
61
Let w(x) = x**2 - 7*x - 18. Let f be w(9). Suppose f = 5*i + 4*u - 790, 5*i - 213 = 3*u + 542. What is the greatest common divisor of i and 44?
22
Suppose 10*j - 5*j + 225 = 3*l, 356 = 5*l - 2*j. Suppose 15*m = 22*m - 595. Let z = m + -43. What is the greatest common factor of z and l?
14
Suppose 5*v - 5*r - 28407 = 30688, -4*r = -24. Calculate the highest common divisor of 172 and v.
43
Suppose -4*z + 364 = 2*q, 0 = -0*q - 3*q + 3*z + 519. Suppose -13*i + q = -9*i. Suppose -704 = -5*v - 154. Calculate the highest common factor of v and i.
22
Suppose -r + 17 = 3*n, 2*n + n - 4*r - 37 = 0. Suppose -302 = -n*z + 286. Suppose 0*o - 5*o = -60. Calculate the greatest common factor of z and o.
12
Let a(b) = -4*b**3 - 307*b - 1 + 3*b**3 + 331*b + 21*b**2. Let g be a(22). Calculate the greatest common divisor of 86 and g.
43
Suppose 3*b = 15, 2*k - b = -3*k + 20. Suppose -18 = -k*s + 5*o - 58, -o = 5*s + 46. Let g be -18*((-6)/s)/(-2). Calculate the highest common factor of 6 and g.
6
Let z(n) = -5*n + 61. Let y be z(12). Calculate the greatest common factor of 3 and y.
1
Suppose 1315*d - 34 = 1314*d + 5*o, 5*d = 3*o + 214. Calculate the highest common divisor of d and 7436.
44
Let g = 253 - 281. Let x be (78 + -14)/((-2)/g). What is the greatest common factor of x and 28?
28
Let i(x) = -x**3 + 23*x**2 - 14*x - 73. Let u be i(22). Let c = u + 284. What is the greatest common divisor of c and 18?
9
Suppose 16*g - 15 = 13*g. Let j(d) = -2*d - 10. Let y be j(-7). Suppose 0 = 4*n + 4 + 4, 0 = -4*a - y*n + 212. What is the highest common factor of g and a?
5
Let k be ((-231)/(-22))/(3/6). Let q = 27 + -29. Let y be q - ((-3860)/45 + 6/(-27)). Calculate the greatest common factor of y and k.
21
Suppose -4*m + i + 4 = 0, -m + i - 3*i = -1. Let l(u) = -13*u + 31. Let r be l(m). What is the highest common factor of r and 36?
18
Suppose -1064 + 14 = 7*f. Let c = -100 - f. Suppose 3*y - y = 40. Calculate the highest common factor of c and y.
10
Let o(w) = -3*w**3 - 2*w**2 + 2*w - 5. Let s be o(-3). Suppose 4*q = s - 4. Let j be ((-3)/6)/(2/4) + q. What is the highest common factor of j and 